2)?
18
Let z(v) = 5*v + 9. Let b be z(-3). Let j be (10/b)/((-65)/117). Let n(c) = 3*c. Give n(j).
9
Let o(u) = -22*u**3 + u**2 - u - 1. Let r = 151 + -145. Suppose 2*z - 13 = 3*m, 29 = -4*m + r*z - z. Give o(m).
23
Suppose 3*a = -g - 8, -5*a - 2*g - 30 = 3*g. Let q(h) = -38*h - 35*h + 100*h - 28*h + 14*h**2 + 2 - 3. Give q(a).
14
Let q(n) = -3*n - 37. Let u(h) = -h - 3. Suppose 14*l - 44*l - 180 = 0. Let a(p) = l*u(p) + q(p). Give a(9).
8
Let t(z) = -61*z**2 + 195*z - 10. Let h(d) = -38*d**2 + 123*d - 7. Let g(o) = -8*h(o) + 5*t(o). Suppose -3*k - 3 = -18. Suppose k*p + 36 = p. What is g(p)?
6
Let i = 116 + -27. Let g = -84 + i. Let u(y) = 1 + 4 - g - y**2 + 2 - 5*y. Give u(-4).
6
Let u(a) be the third derivative of -a**5/30 + a**4/24 + a**3/6 + 2124*a**2. Let m(h) = -h**2 - h - 8. Let p be m(0). Let n be p/10*(-5)/2. Determine u(n).
-5
Let x(t) = -10*t**2 - 2*t - 1. Suppose -p = -13*m + 16*m - 372, -486 = -4*m + 2*p. Let d = -124 + m. Calculate x(d).
-9
Let h(w) be the third derivative of w**6/60 + w**5/60 + w**4/12 + w**3/2 + w**2 - 348. What is h(-2)?
-13
Suppose -d = -2*q - 360, 9*q - 8*q + 2*d = -180. Let p = 181 + q. Let r(g) = -6*g. What is r(p)?
-6
Suppose 2*o - 4*o = 0. Suppose -4*g + 2*g + 78 = o. Let c = g - 43. Let s(u) = -2*u - 1. Determine s(c).
7
Let k be (6/(-4))/(-3 - 30/(-12)). Suppose x - 2*a = 6, 4*x - a - 7 = k. Let i(b) = b**2 + 0*b**2 - x*b + 1 - 7*b**2 - b**3 + 5*b**2. Calculate i(2).
-15
Let l(z) = 3*z**2 + 106*z - 31. Let t(m) = 4*m**2 + 152*m - 47. Let x(s) = 7*l(s) - 5*t(s). Determine x(15).
-27
Let a(o) be the third derivative of -o**6/120 + 7*o**5/60 + 23*o**4/24 - 13*o**3/6 + 1064*o**2 + 2*o. Determine a(9).
32
Let t(a) be the first derivative of a**4/4 - a**3/3 + a + 48. Let f(c) = -7*c**3 + 11*c**2 - 2*c - 4. Let m(y) = f(y) + 6*t(y). Determine m(2).
10
Let i(b) = b - 12. Let m be i(9). Let r be (m + 2/(-2))*(-3)/(-6). Let h(u) = u**2 - 7 - u + 3*u - 8 - 22 + 40. What is h(r)?
3
Suppose 15*n - 7*n = 64. Let z(q) = 6*q - 38. Let d be z(n). Let r(s) = -s + 4. What is r(d)?
-6
Let p(n) be the second derivative of n**5/60 + n**4/12 + n**3 + 21*n**2/2 - 19*n. Let d(q) be the first derivative of p(q). Determine d(0).
6
Let j(t) = 2*t**3 + t + 1. Let r(f) = -3*f**3 + f**2 - 5*f - 64. Let m(p) = 2*j(p) + r(p). Let i(w) be the first derivative of m(w). Determine i(2).
13
Let q be 5*(-18)/10*-1. Let f(h) be the second derivative of -h**4/24 + 7*h**3/6 - 31*h**2/2 + 31*h. Let r(s) be the first derivative of f(s). Give r(q).
-2
Let d(t) be the third derivative of t**6/120 + t**5/20 - 13*t**4/24 - 3*t**3/2 + t**2 + 74. Calculate d(-6).
-39
Let t(l) = -l**3 - 3*l - 1. Let d(p) = -6*p**2 - 22*p + 33. Let s(m) = d(m) - t(m). Determine s(8).
10
Let h(j) = 4*j**2 - 5*j - 3. Let a(f) = 5*f**2 - 5*f - 4. Let m(r) = 5*a(r) - 6*h(r). Let o(d) = -5*d**3 + 1. Let y be o(-1). Let z = -9 + y. Give m(z).
-8
Let j(p) be the second derivative of -9/2*p**2 + 71*p + 0 - 1/6*p**3. What is j(-9)?
0
Suppose y - 5 = 3. Suppose o + o = y. Let k(t) be the third derivative of -t**4/24 + t**3/2 + 2*t**2 - 87*t - 3. Determine k(o).
-1
Let t(j) = 2*j**2 - 100*j + 31*j + 27*j + 7*j + 28*j - 18. Give t(-4).
42
Let c(r) = r**2 + 1. Let h = -40 + 41. Let f(m) = -m**2 + 3*m. Let l(o) = -o**2 - o - 1. Let g(b) = h*f(b) + 3*l(b). Let x(q) = -6*c(q) - 2*g(q). What is x(1)?
2
Let f(i) = -73*i - 129. Let g(v) = 25*v + 42. Let n(s) = -3*f(s) - 8*g(s). Calculate n(-3).
-6
Let x(c) = 4*c**3 + 2*c - 1. Let m be x(1). Let a = 8 - m. Let w(s) = a - 1 + 16*s**2 + 2*s - 18*s**2 - 2*s**3. Determine w(-2).
6
Let g = -17350 + 17352. Let c(j) = -41*j - 4. Calculate c(g).
-86
Let t(b) = 4*b + 4. Let c be 9/((-36)/(-40)) + 6. Suppose -6*l = 2 + c. Determine t(l).
-8
Let t(v) = v**2 - 2*v + 2. Suppose -2*j - 3 = k, 11*j + 20 = 6*j. Suppose 0*p + 3*y = 4*p + 1, 2*p - k*y + 11 = 0. Determine t(p).
2
Let u(h) be the second derivative of -177*h - 1/2*h**2 + 2/3*h**3 + 0. Let y be 5/(-10) + 3/(-2). Calculate u(y).
-9
Let t(o) = o**2 + 3*o - 12. Suppose -2792 = 5*v - 522. Let p = 449 + v. What is t(p)?
-2
Suppose 235*t + 166 + 130 = 87*t. Let m(y) be the third derivative of 5*y**4/24 - y**2. Give m(t).
-10
Let m(s) = 3*s**3 + 3*s**2 + s + 1. Let h be 12 + (81/63 - (-6)/(-21)). Suppose -h*r - 30 = -4. What is m(r)?
-13
Let d be (-216)/135*(60/(-16) - 0). Let o(c) = 11*c - 20. Determine o(d).
46
Let f(y) = -7*y**3 + 9*y**2 + 5*y + 8. Let r(a) = 20*a**3 - 21*a + 6 - 27*a**2 + 12*a - 30 - 5*a. Let q(v) = -17*f(v) - 6*r(v). Let s = -6 - -15. Give q(s).
-1
Let l be (1160/(-87))/(11/(-9) - -1). Let q be l/(-16)*8/18*-3. Let a(i) = i - 6. Give a(q).
-1
Let s be (-1)/(((-4)/14)/2). Let i be (4/5)/(1/(75/10)). Let n(q) = -4*q + 8 - q**2 + 5*q - i*q + 10*q. Determine n(s).
-6
Let m(u) = 2*u - 3*u + 1 - 4. Let b(n) = -3*n**3 - 24*n**2 + n + 12. Let v = 119 - 127. Let p be b(v). What is m(p)?
-7
Let v(y) = -y**3 + 10*y**2 - y + 13. Suppose 3*t + 345 = k, 2*t + 157 = -3*k - 73. Let g = t - -125. What is v(g)?
3
Let o(u) = u - 1. Let j(g) = -8*g - 25. Let v(k) = j(k) + 3*o(k). Let h be v(-6). Let n(d) = 10 + h*d - 7 - 3*d. Determine n(4).
-1
Let q be ((-4)/5)/(15/25 + -1). Let f(m) = -m**3 + 11*m**2 - m + 11*m**2 - 5 - 33*m**2 + 15*m**q. Give f(4).
-9
Let w = 19263 + -19261. Let g(c) be the first derivative of c**2/2 - 1. Let l(n) = -2*n. Let i(h) = 4*g(h) + 3*l(h). Calculate i(w).
-4
Let p(l) = -l**2 - 4*l + 1. Let v(o) = 3*o - 11. Suppose -19 + 91 = 12*m. Let t be v(m). Suppose -t*b + 6*b - 5 = 0. Determine p(b).
-4
Let s = 2092 + -2075. Let d(y) be the third derivative of 0*y + s*y**2 + 1/12*y**4 + 0*y**3 + 0. What is d(6)?
12
Let s(c) = 7 - 7 + 4 + 5*c - c + c**2. Let v = 98 + -332. Let l = v - -229. Calculate s(l).
9
Suppose 6 = -3*c - v - 4, -c + 6 = 5*v. Suppose -2 = -5*g + 2*m, 3*g + 5*m = 11 + 15. Let i(u) = -u**2 + 8 - 1 - u + 0*u**g - 3. Give i(c).
-8
Let h(r) = -r**2 + 14*r + 22. Let i = 6300 + -6285. Calculate h(i).
7
Suppose 45 = 5*z + 5*t, 6*t + 25 = 2*z + t. Let h(a) = z - 6*a - 6*a + a + 12*a. Let f(l) = 55*l - 115. Let j be f(2). Give h(j).
5
Let v(p) be the third derivative of p**5/30 + p**4 + 5*p**3/2 - p**2 + 743*p. Calculate v(-11).
-7
Let d(k) be the second derivative of -3/2*k**2 + 4/3*k**3 - 9*k + 1/12*k**4 - 3. What is d(-7)?
-10
Let v(p) = 6*p**3 + 2*p**2 - p + 9. Let x(i) = i**3 + 1. Let z(o) = v(o) - 5*x(o). Suppose -2*f - 4 = 0, 2 = -s - 0*s + 2*f. Let t = 3 + s. Determine z(t).
-2
Let u(q) = 7*q - 53 + 18 + 16 + 27. Calculate u(-3).
-13
Let b(c) = -8*c**2 + 3*c + 4. Let a(s) = -s**2 - 29*s - 211. Suppose 0 = -56*d + 61*d + 70. Let w be a(d). Calculate b(w).
-7
Let t(a) = -a**3 - 2*a**2 - 6*a - 4. Suppose -3*l + 30 = 4*x + 39, -3*x = 2*l + 6. Determine t(l).
23
Suppose 0 = -3*z + 12, -3*q - 32 = -30*z + 25*z. Let j(n) = -88*n - 350. What is j(q)?
2
Let b(f) be the second derivative of -f**5/120 + f**4/3 + 7*f**3 - 5*f - 12. Let j(q) be the second derivative of b(q). Let h = -21 - -15. Give j(h).
14
Let y(b) = -b - 14. Let d(l) = l**2 - 14*l - 51. Let t be d(17). Suppose t*w + 5*w + 3*f + 42 = 0, -5*w + 2*f = 47. Calculate y(w).
-5
Let q(y) = 61*y - 2179. Let t be q(36). Let m(h) = -h**2 + 25*h - 133. What is m(t)?
3
Suppose -2*b + 6 = 0, -5*v = 3*b - 202 - 17. Let o(g) = g - 46. Give o(v).
-4
Let b(s) = 17 - 6 + 9 + 9*s - 4*s. Calculate b(12).
80
Let x(b) = b**3 - b**2 - 16*b + 22. Let m(s) = 187*s + 564. Let v be m(-3). Determine x(v).
-8
Let a(l) = -3*l + 3. Let y = -47 + 48. Let f(d) = 74*d - 5. Let n be f(y). Let u = n + -66. What is a(u)?
-6
Let k(s) be the third derivative of 0*s + 0 - 5/6*s**3 + 70*s**2 - 1/60*s**5 + 5/24*s**4. Give k(6).
-11
Let q be (-3)/(-2)*(-24)/(-9). Suppose 5*u = -q*u + 45. Let x(m) = 4*m**2 - 4 + 3*m + 12*m - 9*m - m**3. What is x(u)?
1
Suppose 48*x - 350 = 418. Let h(g) = g**3 - 15*g**2 - 17*g + 2. Calculate h(x).
-14
Let w = -66 - -92. Let u(m) = -4 + 7*m + w - 21. Give u(4).
29
Let v(a) = a**2 + a + 20. Suppose 10*s - 3*n + 247 = 11*s, n = 5. Let m = s - 232. Give v(m).
20
Let a(d) = 4*d - 33. Let v be a(8). Let z(k) = -k**3 - 2. Let c(w) = -7*w**3 + 4*w**2 + w - 13. Let p(n) = v*c(n) + 6*z(n). Determine p(5).
21
Suppose -5*b + 6 = 51. Let f(o) = -o**2 - 10*o - 7. Suppose 3*n - 12 = 6. Let v(z) = z**2 + 10*z + 8. Let r(l) = n*